d) = -7*d + 4*d + d**2 - 3*d + d. Calculate g(5).
0
Let d(c) = -c - 1. Let j be d(-4). Suppose 15 = 5*n - 15. Let f(t) = -t + 0 - n*t + j - 2 + t**2. What is f(3)?
-11
Let x be 4/(4/2*-1). Let y(q) be the first derivative of -q**4/2 - q**3/3 + q**2 - q - 2. Determine y(x).
7
Let l(c) be the second derivative of c**4/3 + c. Let h(q) be the second derivative of q**5/20 - q**4/4 + q**3/6 - q**2 - q. Let o be h(3). Calculate l(o).
4
Let x(q) = q**2 - q - 4. Let v be (1/3 + 20/(-12))*-3. Calculate x(v).
8
Let k be -8 + 2 + (-1 - -5). Let g(q) = -q**3 - 4*q**2 - 3*q - 3. Determine g(k).
-5
Let q(h) = -h - 3. Let c(v) = 9 + 6 - v - 26 + 5. Let i(a) = 3*c(a) - 7*q(a). Determine i(-2).
-5
Let u(g) = 0*g + 4*g**3 + 2*g + 2 - 5*g**3 - 3*g**2. Let s(i) = i**2 + 6*i + 5. Let a be s(-2). Calculate u(a).
-4
Let v(x) be the second derivative of -x + 1/2*x**2 - 1/20*x**5 + 1/2*x**4 + 0 - 5/6*x**3. Let d(f) = -f**2 + 6*f - 3. Let m be d(4). What is v(m)?
1
Let c(f) = -f**3 + 4*f**2 + 5*f - 6. Let a(q) = 5*q**2 + q - 1. Let h = 8 - 7. Let n be a(h). Give c(n).
-6
Let w(f) = 4*f**2 + 5*f - 1. Let y(q) = -q**2 - q + 1. Let s(a) = -6*a + 0 - 1 + 2 + 0. Let r be s(1). Let g(v) = r*y(v) - w(v). What is g(3)?
5
Let h(t) = t**2 - 4*t + 5. Let k be (2 - 0)*(-1 + 0). Let x be -1 - (-10 - (0 - k)). Let c = x - 6. Give h(c).
10
Let n(r) = 2*r**3 - 3*r**2 - 5*r + 2. Let c(h) = h**2 + 3*h - 7. Let k(s) = s - 16. Let y be k(11). Let p be c(y). Calculate n(p).
14
Suppose -14 = 3*i - 20. Let j(s) = -s**3 + 5*s**2 - 3*s + 1. Determine j(i).
7
Let y(g) = 25 - 21 + 0*g - g. What is y(-9)?
13
Let p = -7 - -2. Let x(n) be the first derivative of 1/3*n**3 + 5/2*n**2 - 2*n - 3. Give x(p).
-2
Let t(u) = -u + 15. Let y(j) = -4*j + 46. Let b be y(9). What is t(b)?
5
Let v = -96 + 86. Let t(c) = -c - 8. Calculate t(v).
2
Let g(m) be the first derivative of -m**4/4 - 5*m**3/3 - m**2/2 + 4*m - 34. Determine g(-3).
-11
Suppose 0 = -5*i - 5, 11 = 2*d - 5*i + 2. Let h(t) = -t**2 + 3*t**2 - t**2 - 2 - 3 + d*t. Determine h(-4).
3
Let s = -193 - -196. Let t(a) = a**3 - 2*a**2 + a - 1. What is t(s)?
11
Suppose 11*o = 15*o - 20. Let n(i) = i**2 - 5*i + 2. What is n(o)?
2
Let t(k) be the third derivative of -k**6/120 + k**5/20 + k**4/12 - k**3/2 - 2*k**2. Let g be t(3). Let c(q) = q**2. Calculate c(g).
9
Let h(y) = y - 1. Let j be h(-1). Let b(l) = -9*l**2 - 2*l - 1. Let q(s) = 18*s**2 + 4*s + 3. Let d = -14 + 9. Let p(o) = d*b(o) + j*q(o). Give p(1).
10
Let o(d) = d**2 + 6*d. Let v = 2 - 6. Let j be 15*(-5)/((-50)/v). Calculate o(j).
0
Suppose 7*x = 12*x. Let v(k) be the third derivative of 0*k + 3*k**2 + 1/3*k**3 - 1/24*k**4 + x. Give v(-5).
7
Let u(i) = -2*i - 3. Let z(f) = 2*f - 8. Let k be z(6). Let b(r) = -6*r - 8. Let d(w) = k*b(w) - 11*u(w). Let c = -6 + 3. What is d(c)?
7
Let x(w) be the second derivative of w**4/12 - 7*w**3/6 + w**2 + 9*w. Calculate x(5).
-8
Suppose 0*h = -4*h + 4. Let s(z) = 6*z. Let c(q) = 13*q. Let d(o) = -3*c(o) + 5*s(o). Give d(h).
-9
Let t(n) = -n**3 + n. Suppose -6*w + w = 5. Calculate t(w).
0
Let y(h) be the third derivative of 1/24*h**4 + 0*h + 4*h**2 + 0 + h**3. What is y(0)?
6
Suppose 3*d + 99 = 96. Let s(c) = -6*c**2 - 1. What is s(d)?
-7
Suppose 5 = -4*b + 1. Let n(g) = g + 1. Let k(i) = i**3 - 6*i - 11. Let s(t) = b*k(t) - 6*n(t). Determine s(0).
5
Let u(d) be the second derivative of -d**2 + 2*d + 0 + 1/6*d**3. Let v be 1*6 + (-1)/1. Give u(v).
3
Let l(q) = 6*q - 1. Let n(j) = j**2 - 17. Let a be n(4). What is l(a)?
-7
Let n(v) = 20*v**2 - 14*v - 14. Let a(d) = 7*d**2 - 5*d - 5. Let g(y) = -17*a(y) + 6*n(y). Give g(0).
1
Let p be 5 + -2 + 1/(-1). Let z(b) = -b - 1. Let r be z(-3). Let i(m) = 0 - m + 2 - r*m. What is i(p)?
-4
Suppose -2*z = -z - 4. Let b(x) be the first derivative of 1/2*x**2 - 5 - 6*x. What is b(z)?
-2
Suppose 16 = 2*h + y, -2*h + 16 = -0*y - 2*y. Let i(v) = -v + 7. Calculate i(h).
-1
Let v be (1 + -1)/(12 + -11). Let d(t) = t**2 - t - 9. What is d(v)?
-9
Let l(w) = -4*w**3 - 2*w**2 + 5*w + 3. Let k(u) = u**2 + 0 - 5*u + u - 2 + 3*u**3. Let z(x) = -3*k(x) - 2*l(x). Suppose -3*q + 6*q - 6 = 0. Determine z(q).
0
Let g(l) = -8 + l - 2 + 1 + 5. Let v(x) = -x**3 + 2*x**2 + 5*x - 2. Let d be v(3). Give g(d).
0
Let d be (6/9)/(1/3). Let i(y) = 6*y + 0 + 1 + d. Let o(p) = p**3 + 11*p**2 + 10*p - 2. Let u be o(-10). Give i(u).
-9
Let n(m) = m**3 + m - 1. Let k(l) = 6*l**3 + 3*l**2 + 2*l - 8. Let c(g) = -k(g) + 5*n(g). What is c(-3)?
-6
Let d(r) be the first derivative of -6 + 1/2*r**2 - 2*r. What is d(3)?
1
Let b = -7 - -7. Suppose -k + 5 = -b*k. Let h(g) = g + 1. Determine h(k).
6
Suppose 0 = -2*r - 0*q - q - 16, 5*r + 39 = -2*q. Let t(m) = -m**2 - 7*m. Give t(r).
0
Let f = 7 - 5. Suppose -2*z - f*d = d - 19, z - 5*d + 23 = 0. Let h(v) be the second derivative of -v**4/12 - v**3/3 + 3*v**2/2 - v. Determine h(z).
-5
Let t(d) = d**2 - 7*d + 7. Let v(y) = y**2 - 12*y + 16. Let i = -1 - -12. Let q be v(i). Calculate t(q).
-3
Let h(y) be the third derivative of -y**5/60 - y**4/24 - y**3/6 + 5*y**2. Suppose a - 2*a = 0. Determine h(a).
-1
Suppose 1 = -3*j + 10. Let t(q) = q - 5. Give t(j).
-2
Let j(y) = y + 3. Let g = 5 + -5. Suppose g*v = -v - 3. Determine j(v).
0
Let x = 73 - 76. Let m(f) = -f - 7. What is m(x)?
-4
Let n(j) = -10*j**2 - j - 1. Let t be (-2)/(-4)*(-2 - -8). Let l be (-1)/(t + -3 + 1). Determine n(l).
-10
Let o(u) = 7*u - 1. Let t be 3/(-1) - (3 + -1). Let g(k) = -k. Let h(m) = -m**3 - 3*m**2 - m + 1. Let z be h(-2). Let n(r) = t*g(r) + z*o(r). Calculate n(-1).
3
Let l = 0 + 1. Let b = -8 + 13. Let g(s) = 2*s - b*s**2 - 2*s. Give g(l).
-5
Let p(i) be the first derivative of i**4/4 - i**3 - i**2/2 - i + 14. Determine p(3).
-4
Let a(n) = -n**3 - 6. Let l(j) = -j - 5. Let c be l(-5). Suppose -m = -3*w + 2*m + 3, c = -4*w + 5*m + 5. Determine a(w).
-6
Let x(w) = -w**3 + 6*w**2 + 2*w - 7. Let c be x(6). Suppose -c*r = -3*y - 0*y + 8, -r + 16 = y. Let q = y - 8. Let t(l) = -l + 3. Give t(q).
0
Let s(v) = v + 1. Let w(n) = 7*n + 10. Let q(f) = 6*s(f) - w(f). Let m(h) = -3*h**2. Suppose 2 = -x - o + 1, 5*x + 5 = 2*o. Let r be m(x). Calculate q(r).
-1
Let d(g) = 3*g**2 + 5*g + 4. Let c(h) = -4*h**2 - 4*h - 4. Suppose -1 = -3*r + 5. Let v(l) = r*c(l) + 3*d(l). Calculate v(-6).
-2
Let w be -1*-4*3/(-6). Let o be 2/1*(-6)/w. Suppose -3*t + 7 = 2*b, b = -11*t + o*t + 14. Let k(n) = n**3. What is k(b)?
-1
Let j = 17 - 16. Let f(x) = -10*x - 1. Calculate f(j).
-11
Let t(h) = h**2 - 1. Let y(r) = r**3 + 5*r**2 + 7*r + 7. Let j(f) = -2*t(f) - y(f). Let z be j(-6). Let k(d) = -8*d**2 + d. Determine k(z).
-7
Let j(z) = 2 + 2*z**2 - z + z**3 + 2 - 5*z + 4*z. Let h(v) = -v**3 + 3*v + 3. Let i be h(-2). Suppose i*c = -1 - 4, 0 = -2*d + 3*c - 3. What is j(d)?
1
Let j(h) = -h**3 - h**2 + 4*h - 3. Let x(r) = r**3 + r**2 + r. Let s(n) = 2*n**3 + 7*n**2 + 9*n - 3. Let m(b) = s(b) - 3*x(b). Let k be m(5). Give j(k).
-7
Let t(p) = p + 13. Suppose 2*l + 0*l - 5 = -a, -5*a = -25. Determine t(l).
13
Let a = -5 + 8. Let v = -2 + a. Suppose 1 = 2*y - v. Let x(o) = -5*o. Determine x(y).
-5
Let m(v) = -v**2 - 3*v + 1. Let s(y) = y**2 + 3*y - 1. Let b(f) = -5*m(f) - 4*s(f). Let d be (3 - -3) + 1 + 0. Let t = d - 11. Give b(t).
3
Let d(z) = -z**2 - z + 1. Let k(m) = m**3 - 4*m**2 - 4*m + 6. Let f(h) = 4*d(h) - k(h). Give f(2).
-10
Let p(a) be the third derivative of -a**9/60480 + a**8/6720 + a**7/5040 - a**6/360 - a**5/20 - a**2. Let k(r) be the third derivative of p(r). Give k(3).
1
Let h = 10 - 15. Let r(k) = 4*k**2 - 2*k - 2. Let s(l) = -7*l**2 + 3*l + 4. Let i(t) = h*r(t) - 3*s(t). Determine i(-3).
4
Let t(j) = j - 7. Let o be (-1)/((-69)/(-195) + 10/(-65)). Give t(o).
-12
Suppose -4*t - 25 = t. Let a = t + 7. Let w(o) = 2 - a*o**2 + o**2 + 0. Give w(3).
-7
Let x be (-2)/(-6)*(4 - -2). Let i(w) be the third derivative of -1/12*w**4 + w**x + 1/60*w**5 + 0*w + 0 - 1/6*w**3. Give i(3).
2
Let b(i) be the third derivative of 7*i**5/60 - i**4/12 + i**3/6 - 5*i**2. Suppose 3*j + 11 = 5*j - w, j + 22 = -5*w. Let k = -2 + j. Determine b(k).
6
Suppose 2*z - 9 + 1 = 0. Let y(h) = -h**3 + 5*h**2 - 3*h - 5. What is y(z)?
-1
Let s(b) = -b**2 - 2*b + 2. Suppose h - 3*x = -17, -4*h + 3*h = 2*x + 12. Let j be 4/h + 78/(-21). What is s(j)?
-6
Let h = -5 + 6. Let a(c) = 7*c. Calculate 